{"id":2456,"date":"2021-04-25T22:57:33","date_gmt":"2021-04-25T20:57:33","guid":{"rendered":"http:\/\/trzebnica.home.pl\/drogi.trzebnica.pl\/wordpress\/?page_id=2456"},"modified":"2021-05-15T17:11:00","modified_gmt":"2021-05-15T15:11:00","slug":"odsniezanie-gmina-wisznia-mala","status":"publish","type":"page","link":"http:\/\/drogi.trzebnica.pl\/index.php\/odsniezanie-gmina-wisznia-mala\/","title":{"rendered":"od\u015bnie\u017canie gmina Wisznia Ma\u0142a"},"content":{"rendered":"\t\t<div data-elementor-type=\"wp-page\" data-elementor-id=\"2456\" class=\"elementor elementor-2456\" data-elementor-settings=\"[]\">\n\t\t\t\t\t\t\t<div class=\"elementor-section-wrap\">\n\t\t\t\t\t\t\t<section class=\"elementor-section elementor-top-section elementor-element elementor-element-43080cca elementor-section-boxed elementor-section-height-default elementor-section-height-default\" data-id=\"43080cca\" data-element_type=\"section\">\n\t\t\t\t\t\t<div class=\"elementor-container elementor-column-gap-default\">\n\t\t\t\t\t<div class=\"elementor-column elementor-col-100 elementor-top-column elementor-element elementor-element-57a3c5\" data-id=\"57a3c5\" data-element_type=\"column\">\n\t\t\t<div class=\"elementor-widget-wrap elementor-element-populated\">\n\t\t\t\t\t\t\t\t<div class=\"elementor-element elementor-element-408f29f2 elementor-mobile-align-center elementor-widget elementor-widget-post-info\" data-id=\"408f29f2\" data-element_type=\"widget\" data-widget_type=\"post-info.default\">\n\t\t\t\t<div class=\"elementor-widget-container\">\n\t\t\t\t\t<ul class=\"elementor-inline-items elementor-icon-list-items elementor-post-info\">\n\t\t\t\t\t<li class=\"elementor-icon-list-item elementor-repeater-item-a339c7b elementor-inline-item\">\n\t\t\t\t\t\t\t\t\t\t<span class=\"elementor-icon-list-icon\">\n\t\t\t\t\t\t\t\t\t\t\t\t\t\t\t<\/span>\n\t\t\t\t\t\t\t\t\t<span class=\"elementor-icon-list-text elementor-post-info__item elementor-post-info__item--type-custom\">\n\t\t\t\t\t\t\t\t\t\tJeste\u015b tutaj\t\t\t\t\t<\/span>\n\t\t\t\t\t\t\t\t<\/li>\n\t\t\t\t<li class=\"elementor-icon-list-item elementor-repeater-item-97b0ec6 elementor-inline-item\">\n\t\t\t\t\t\t<a href=\"http:\/\/drogi.trzebnica.pl\/\">\n\t\t\t\t\t\t\t\t\t\t\t<span class=\"elementor-icon-list-icon\">\n\t\t\t\t\t\t\t\t<i aria-hidden=\"true\" class=\"fas fa-angle-double-right\"><\/i>\t\t\t\t\t\t\t<\/span>\n\t\t\t\t\t\t\t\t\t<span class=\"elementor-icon-list-text elementor-post-info__item elementor-post-info__item--type-custom\">\n\t\t\t\t\t\t\t\t\t\tStrona G\u0142\u00f3wna\t\t\t\t\t<\/span>\n\t\t\t\t\t\t\t\t\t<\/a>\n\t\t\t\t<\/li>\n\t\t\t\t<li class=\"elementor-icon-list-item elementor-repeater-item-1ffdf01 elementor-inline-item\">\n\t\t\t\t\t\t<a href=\"http:\/\/drogi.trzebnica.pl\/index.php\/zimowe-utrzymanie-drog\/\">\n\t\t\t\t\t\t\t\t\t\t\t<span class=\"elementor-icon-list-icon\">\n\t\t\t\t\t\t\t\t<i aria-hidden=\"true\" class=\"fas fa-angle-double-right\"><\/i>\t\t\t\t\t\t\t<\/span>\n\t\t\t\t\t\t\t\t\t<span class=\"elementor-icon-list-text elementor-post-info__item elementor-post-info__item--type-custom\">\n\t\t\t\t\t\t\t\t\t\tZimowe utrzymanie dr\u00f3g\t\t\t\t\t<\/span>\n\t\t\t\t\t\t\t\t\t<\/a>\n\t\t\t\t<\/li>\n\t\t\t\t<li class=\"elementor-icon-list-item elementor-repeater-item-ba9c996 elementor-inline-item\">\n\t\t\t\t\t\t<a href=\"http:\/\/drogi.trzebnica.pl\/index.php\/odsniezanie-gmina-wisznia-mala\/\">\n\t\t\t\t\t\t\t\t\t\t\t<span class=\"elementor-icon-list-icon\">\n\t\t\t\t\t\t\t\t<i aria-hidden=\"true\" class=\"fas fa-angle-double-right\"><\/i>\t\t\t\t\t\t\t<\/span>\n\t\t\t\t\t\t\t\t\t<span class=\"elementor-icon-list-text elementor-post-info__item elementor-post-info__item--type-custom\">\n\t\t\t\t\t\t\t\t\t\tod\u015bnie\u017canie gmina Wisznia Ma\u0142a\t\t\t\t\t<\/span>\n\t\t\t\t\t\t\t\t\t<\/a>\n\t\t\t\t<\/li>\n\t\t\t\t<\/ul>\n\t\t\t\t<\/div>\n\t\t\t\t<\/div>\n\t\t\t\t\t<\/div>\n\t\t<\/div>\n\t\t\t\t\t\t\t<\/div>\n\t\t<\/section>\n\t\t\t\t<section class=\"elementor-section elementor-top-section elementor-element elementor-element-ef60b56 elementor-section-boxed elementor-section-height-default elementor-section-height-default\" data-id=\"ef60b56\" data-element_type=\"section\">\n\t\t\t\t\t\t<div class=\"elementor-container elementor-column-gap-default\">\n\t\t\t\t\t<div class=\"elementor-column elementor-col-100 elementor-top-column elementor-element elementor-element-24b77d2\" data-id=\"24b77d2\" data-element_type=\"column\" data-settings=\"{&quot;background_background&quot;:&quot;classic&quot;}\">\n\t\t\t<div class=\"elementor-widget-wrap elementor-element-populated\">\n\t\t\t\t\t\t\t\t<div class=\"elementor-element elementor-element-fa2c79f elementor-widget elementor-widget-text-editor\" data-id=\"fa2c79f\" data-element_type=\"widget\" data-widget_type=\"text-editor.default\">\n\t\t\t\t<div class=\"elementor-widget-container\">\n\t\t\t\t\t\t\t\t<h4><strong>WISZNIA MA\u0141A<\/strong><\/h4>\nOBW\u00d3D DROGOWY TRZEBNICA \u2013 Dy\u017curny : tel. (0-71) 387-06-17 \t\t\t\t\t\t<\/div>\n\t\t\t\t<\/div>\n\t\t\t\t<div class=\"elementor-element elementor-element-1968783 elementor-widget elementor-widget-heading\" data-id=\"1968783\" data-element_type=\"widget\" data-widget_type=\"heading.default\">\n\t\t\t\t<div class=\"elementor-widget-container\">\n\t\t\t<h2 class=\"elementor-heading-title elementor-size-default\"><b>Standard IV ZUD<\/b><\/h2>\t\t<\/div>\n\t\t\t\t<\/div>\n\t\t\t\t<div class=\"elementor-element elementor-element-1a3f8ba elementor-widget elementor-widget-eael-advanced-data-table\" data-id=\"1a3f8ba\" data-element_type=\"widget\" data-widget_type=\"eael-advanced-data-table.default\">\n\t\t\t\t<div class=\"elementor-widget-container\">\n\t\t\t<div class=\"ea-advanced-data-table-wrap\" data-id=\"1a3f8ba\"><div class=\"ea-advanced-data-table-search-wrap ea-advanced-data-table-search-right\"><input type=\"search\" placeholder=\"Wyszukaj\" class=\"ea-advanced-data-table-search\"><\/div><div class=\"ea-advanced-data-table-wrap-inner\">\n                <table class=\"ea-advanced-data-table ea-advanced-data-table-static ea-advanced-data-table-1a3f8ba ea-advanced-data-table-sortable ea-advanced-data-table-paginated ea-advanced-data-table-searchable\" data-id=\"1a3f8ba\" data-items-per-page=\"10\"><thead><tr><th><p>L.p<\/p><\/th><th><p>Nr Drogi<\/p><\/th><th><p>Nazwa odcinka drogi<\/p><\/th><th><p>D\u0142ugo\u015b\u0107 w km<\/p><\/th><\/tr><\/thead><tbody><tr><td><p>1<\/p><\/td><td><p><span>1367D<\/span><\/p><\/td><td><p>Wisznia Ma\u0142a \u2013Strzesz\u00f3w \u2013 Szewce<\/p><\/td><td><p>7, 328<\/p><\/td><\/tr><tr><td><p>2<\/p><\/td><td><p><span>1371D<\/span><\/p><\/td><td><p><span>Gr. Pow.- Krzy\u017canowice \u2013 Pasikurowice<\/span><\/p><\/td><td><p><span>4,987<\/span><\/p><\/td><\/tr><tr><td><p><br><\/p><\/td><td><p><br><\/p><\/td><td><p><strong>RAZEM<\/strong><\/p><\/td><td><p><strong>12 315 km<\/strong><\/p><\/td><\/tr><\/tbody><\/table>\n            <\/div><div class=\"ea-advanced-data-table-pagination ea-advanced-data-table-pagination-button clearfix\"><\/div><\/div>\t\t<\/div>\n\t\t\t\t<\/div>\n\t\t\t\t<div class=\"elementor-element elementor-element-8db1abe elementor-widget elementor-widget-heading\" data-id=\"8db1abe\" data-element_type=\"widget\" data-widget_type=\"heading.default\">\n\t\t\t\t<div class=\"elementor-widget-container\">\n\t\t\t<h2 class=\"elementor-heading-title elementor-size-default\"><b>Standard V ZUD<\/b><\/h2>\t\t<\/div>\n\t\t\t\t<\/div>\n\t\t\t\t<div class=\"elementor-element elementor-element-176c420 elementor-widget elementor-widget-eael-advanced-data-table\" data-id=\"176c420\" data-element_type=\"widget\" data-widget_type=\"eael-advanced-data-table.default\">\n\t\t\t\t<div class=\"elementor-widget-container\">\n\t\t\t<div class=\"ea-advanced-data-table-wrap\" data-id=\"176c420\"><div class=\"ea-advanced-data-table-search-wrap ea-advanced-data-table-search-right\"><input type=\"search\" placeholder=\"Wyszukaj\" class=\"ea-advanced-data-table-search\"><\/div><div class=\"ea-advanced-data-table-wrap-inner\">\n                <table class=\"ea-advanced-data-table ea-advanced-data-table-static ea-advanced-data-table-176c420 ea-advanced-data-table-sortable ea-advanced-data-table-paginated ea-advanced-data-table-searchable\" data-id=\"176c420\" data-items-per-page=\"50\"><thead><tr><th><p>L.p<\/p><\/th><th><p>Nr Drogi<\/p><\/th><th><p>Nazwa odcinka drogi<\/p><\/th><th><p>D\u0142ugo\u015b\u0107 w km<\/p><\/th><\/tr><\/thead><tbody><tr><td><p>1<\/p><\/td><td><p><span>1365D<\/span><\/p><\/td><td><p>Dr. krajowa nr 5 \u2013 Machnice<\/p><\/td><td><p><span>8,163<\/span><\/p><\/td><\/tr><tr><td><p>2<\/p><\/td><td><p><span>1337D<\/span><\/p><\/td><td><p>Dr. krajowa nr 5 \u2013 Machnice<\/p><\/td><td><p><span>2,785<\/span><\/p><\/td><\/tr><tr><td><p>3<\/p><\/td><td><p><span>1366D<\/span><\/p><\/td><td><p><span>P\u0119g\u00f3w \u2013 Ozorowice<\/span><\/p><\/td><td><p><span>4,112<\/span><\/p><\/td><\/tr><tr><td><p>4<\/p><\/td><td><p><span>1368D<\/span><\/p><\/td><td><p><span>Kryniczno \u2013 Ligota Pi\u0119kna<\/span><\/p><\/td><td><p><span>4,912<\/span><\/p><\/td><\/tr><tr><td><p>5<\/p><\/td><td><p>1369D<\/p><\/td><td><p><span>Kryniczno \u2013 Rogo\u017c \u2013 Szewce<\/span><\/p><\/td><td><p><span>4,343<\/span><\/p><\/td><\/tr><tr><td><p>6<\/p><\/td><td><p><span>1370D<\/span><\/p><\/td><td><p><span>Szyman\u00f3w \u2013 Psary \u2013 Krzy\u017canowice<\/span><\/p><\/td><td><p><span>3,557<\/span><\/p><\/td><\/tr><tr><td><\/td><td><\/td><td><p><strong>RAZEM<\/strong><\/p><\/td><td><p><strong>27,872&nbsp;km<\/strong><\/p><\/td><\/tr><tr><td><\/td><td><\/td><td><p><strong>OG\u00d3\u0141EM<\/strong><\/p><\/td><td><p><strong>40,187 km<\/strong><\/p><\/td><\/tr><\/tbody><\/table>\n            <\/div><div class=\"ea-advanced-data-table-pagination ea-advanced-data-table-pagination-button clearfix\"><\/div><\/div>\t\t<\/div>\n\t\t\t\t<\/div>\n\t\t\t\t\t<\/div>\n\t\t<\/div>\n\t\t\t\t\t\t\t<\/div>\n\t\t<\/section>\n\t\t\t\t\t\t<\/div>\n\t\t\t\t\t<\/div>\n\t\t","protected":false},"excerpt":{"rendered":"<p>WISZNIA MA\u0141A OBW\u00d3D DROGOWY TRZEBNICA \u2013 Dy\u017curny : tel. (0-71) 387-06-17 Standard IV ZUD L.p Nr Drogi Nazwa odcinka drogi<\/p>\n","protected":false},"author":1,"featured_media":0,"parent":0,"menu_order":0,"comment_status":"closed","ping_status":"closed","template":"","meta":{"footnotes":""},"class_list":["post-2456","page","type-page","status-publish","hentry"],"_links":{"self":[{"href":"http:\/\/drogi.trzebnica.pl\/index.php\/wp-json\/wp\/v2\/pages\/2456","targetHints":{"allow":["GET"]}}],"collection":[{"href":"http:\/\/drogi.trzebnica.pl\/index.php\/wp-json\/wp\/v2\/pages"}],"about":[{"href":"http:\/\/drogi.trzebnica.pl\/index.php\/wp-json\/wp\/v2\/types\/page"}],"author":[{"embeddable":true,"href":"http:\/\/drogi.trzebnica.pl\/index.php\/wp-json\/wp\/v2\/users\/1"}],"replies":[{"embeddable":true,"href":"http:\/\/drogi.trzebnica.pl\/index.php\/wp-json\/wp\/v2\/comments?post=2456"}],"version-history":[{"count":31,"href":"http:\/\/drogi.trzebnica.pl\/index.php\/wp-json\/wp\/v2\/pages\/2456\/revisions"}],"predecessor-version":[{"id":6330,"href":"http:\/\/drogi.trzebnica.pl\/index.php\/wp-json\/wp\/v2\/pages\/2456\/revisions\/6330"}],"wp:attachment":[{"href":"http:\/\/drogi.trzebnica.pl\/index.php\/wp-json\/wp\/v2\/media?parent=2456"}],"curies":[{"name":"wp","href":"https:\/\/api.w.org\/{rel}","templated":true}]}}