{"id":2474,"date":"2021-04-25T23:16:22","date_gmt":"2021-04-25T21:16:22","guid":{"rendered":"http:\/\/trzebnica.home.pl\/drogi.trzebnica.pl\/wordpress\/?page_id=2474"},"modified":"2021-05-15T17:11:36","modified_gmt":"2021-05-15T15:11:36","slug":"odsniezanie-gmina-zawonia","status":"publish","type":"page","link":"http:\/\/drogi.trzebnica.pl\/index.php\/odsniezanie-gmina-zawonia\/","title":{"rendered":"od\u015bnie\u017canie gmina Zawonia"},"content":{"rendered":"\t\t<div data-elementor-type=\"wp-page\" data-elementor-id=\"2474\" class=\"elementor elementor-2474\" data-elementor-settings=\"[]\">\n\t\t\t\t\t\t\t<div class=\"elementor-section-wrap\">\n\t\t\t\t\t\t\t<section class=\"elementor-section elementor-top-section elementor-element elementor-element-40bad058 elementor-section-boxed elementor-section-height-default elementor-section-height-default\" data-id=\"40bad058\" data-element_type=\"section\">\n\t\t\t\t\t\t<div class=\"elementor-container elementor-column-gap-default\">\n\t\t\t\t\t<div class=\"elementor-column elementor-col-100 elementor-top-column elementor-element elementor-element-53f7cfa7\" data-id=\"53f7cfa7\" data-element_type=\"column\">\n\t\t\t<div class=\"elementor-widget-wrap elementor-element-populated\">\n\t\t\t\t\t\t\t\t<div class=\"elementor-element elementor-element-1418f5ed elementor-mobile-align-center elementor-widget elementor-widget-post-info\" data-id=\"1418f5ed\" data-element_type=\"widget\" data-widget_type=\"post-info.default\">\n\t\t\t\t<div class=\"elementor-widget-container\">\n\t\t\t\t\t<ul class=\"elementor-inline-items elementor-icon-list-items elementor-post-info\">\n\t\t\t\t\t<li class=\"elementor-icon-list-item elementor-repeater-item-a339c7b elementor-inline-item\">\n\t\t\t\t\t\t\t\t\t\t<span class=\"elementor-icon-list-icon\">\n\t\t\t\t\t\t\t\t\t\t\t\t\t\t\t<\/span>\n\t\t\t\t\t\t\t\t\t<span class=\"elementor-icon-list-text elementor-post-info__item elementor-post-info__item--type-custom\">\n\t\t\t\t\t\t\t\t\t\tJeste\u015b tutaj\t\t\t\t\t<\/span>\n\t\t\t\t\t\t\t\t<\/li>\n\t\t\t\t<li class=\"elementor-icon-list-item elementor-repeater-item-97b0ec6 elementor-inline-item\">\n\t\t\t\t\t\t<a href=\"http:\/\/drogi.trzebnica.pl\/\">\n\t\t\t\t\t\t\t\t\t\t\t<span class=\"elementor-icon-list-icon\">\n\t\t\t\t\t\t\t\t<i aria-hidden=\"true\" class=\"fas fa-angle-double-right\"><\/i>\t\t\t\t\t\t\t<\/span>\n\t\t\t\t\t\t\t\t\t<span class=\"elementor-icon-list-text elementor-post-info__item elementor-post-info__item--type-custom\">\n\t\t\t\t\t\t\t\t\t\tStrona G\u0142\u00f3wna\t\t\t\t\t<\/span>\n\t\t\t\t\t\t\t\t\t<\/a>\n\t\t\t\t<\/li>\n\t\t\t\t<li class=\"elementor-icon-list-item elementor-repeater-item-b71f28d elementor-inline-item\">\n\t\t\t\t\t\t<a href=\"http:\/\/drogi.trzebnica.pl\/index.php\/zimowe-utrzymanie-drog\/\">\n\t\t\t\t\t\t\t\t\t\t\t<span class=\"elementor-icon-list-icon\">\n\t\t\t\t\t\t\t\t<i aria-hidden=\"true\" class=\"fas fa-angle-double-right\"><\/i>\t\t\t\t\t\t\t<\/span>\n\t\t\t\t\t\t\t\t\t<span class=\"elementor-icon-list-text elementor-post-info__item elementor-post-info__item--type-custom\">\n\t\t\t\t\t\t\t\t\t\tZimowe utrzymanie dr\u00f3g\t\t\t\t\t<\/span>\n\t\t\t\t\t\t\t\t\t<\/a>\n\t\t\t\t<\/li>\n\t\t\t\t<li class=\"elementor-icon-list-item elementor-repeater-item-ba9c996 elementor-inline-item\">\n\t\t\t\t\t\t<a href=\"http:\/\/drogi.trzebnica.pl\/index.php\/odsniezanie-gmina-zawonia\/\">\n\t\t\t\t\t\t\t\t\t\t\t<span class=\"elementor-icon-list-icon\">\n\t\t\t\t\t\t\t\t<i aria-hidden=\"true\" class=\"fas fa-angle-double-right\"><\/i>\t\t\t\t\t\t\t<\/span>\n\t\t\t\t\t\t\t\t\t<span class=\"elementor-icon-list-text elementor-post-info__item elementor-post-info__item--type-custom\">\n\t\t\t\t\t\t\t\t\t\tod\u015bnie\u017canie gmina Zawonia\t\t\t\t\t<\/span>\n\t\t\t\t\t\t\t\t\t<\/a>\n\t\t\t\t<\/li>\n\t\t\t\t<\/ul>\n\t\t\t\t<\/div>\n\t\t\t\t<\/div>\n\t\t\t\t\t<\/div>\n\t\t<\/div>\n\t\t\t\t\t\t\t<\/div>\n\t\t<\/section>\n\t\t\t\t<section class=\"elementor-section elementor-top-section elementor-element elementor-element-ef60b56 elementor-section-boxed elementor-section-height-default elementor-section-height-default\" data-id=\"ef60b56\" data-element_type=\"section\">\n\t\t\t\t\t\t<div class=\"elementor-container elementor-column-gap-default\">\n\t\t\t\t\t<div class=\"elementor-column elementor-col-100 elementor-top-column elementor-element elementor-element-24b77d2\" data-id=\"24b77d2\" data-element_type=\"column\" data-settings=\"{&quot;background_background&quot;:&quot;classic&quot;}\">\n\t\t\t<div class=\"elementor-widget-wrap elementor-element-populated\">\n\t\t\t\t\t\t\t\t<div class=\"elementor-element elementor-element-b34bec3 elementor-widget elementor-widget-text-editor\" data-id=\"b34bec3\" data-element_type=\"widget\" data-widget_type=\"text-editor.default\">\n\t\t\t\t<div class=\"elementor-widget-container\">\n\t\t\t\t\t\t\t\t<h4><strong>ZAWONIA<\/strong><\/h4>\nOBW\u00d3D DROGOWY TRZEBNICA \u2013 Dy\u017curny : tel. (0-71) 387-06-17 \t\t\t\t\t\t<\/div>\n\t\t\t\t<\/div>\n\t\t\t\t<div class=\"elementor-element elementor-element-1968783 elementor-widget elementor-widget-heading\" data-id=\"1968783\" data-element_type=\"widget\" data-widget_type=\"heading.default\">\n\t\t\t\t<div class=\"elementor-widget-container\">\n\t\t\t<h2 class=\"elementor-heading-title elementor-size-default\"><b>Standard IV ZUD<\/b><\/h2>\t\t<\/div>\n\t\t\t\t<\/div>\n\t\t\t\t<div class=\"elementor-element elementor-element-1a3f8ba elementor-widget elementor-widget-eael-advanced-data-table\" data-id=\"1a3f8ba\" data-element_type=\"widget\" data-widget_type=\"eael-advanced-data-table.default\">\n\t\t\t\t<div class=\"elementor-widget-container\">\n\t\t\t<div class=\"ea-advanced-data-table-wrap\" data-id=\"1a3f8ba\"><div class=\"ea-advanced-data-table-search-wrap ea-advanced-data-table-search-right\"><input type=\"search\" placeholder=\"Wyszukaj\" class=\"ea-advanced-data-table-search\"><\/div><div class=\"ea-advanced-data-table-wrap-inner\">\n                <table class=\"ea-advanced-data-table ea-advanced-data-table-static ea-advanced-data-table-1a3f8ba ea-advanced-data-table-sortable ea-advanced-data-table-paginated ea-advanced-data-table-searchable\" data-id=\"1a3f8ba\" data-items-per-page=\"10\"><thead><tr><th><p>L.p<\/p><\/th><th><p>Nr Drogi<\/p><\/th><th style=\"width: 630px\"><p>Nazwa odcinka drogi<\/p><\/th><th><p>D\u0142ugo\u015b\u0107 w km<\/p><\/th><\/tr><\/thead><tbody><tr><td><p>1<\/p><\/td><td><p><span>1453D<\/span><\/p><\/td><td><p>Bukowice \u2013 Rz\u0119dziszowice<\/p><\/td><td><p><span>10,835<\/span><\/p><\/td><\/tr><tr><td><p>2<\/p><\/td><td><p><span>1454D<\/span><\/p><\/td><td><p>Bukowice \u2013 Ku\u017aniczysko<\/p><\/td><td><p><span>9,965<\/span><\/p><\/td><\/tr><tr><td><p>3<\/p><\/td><td><p><span>1371D<\/span><\/p><\/td><td><p><span>Skarszyn \u2013 Skotniki \u2013 Czesz\u00f3w<\/span><\/p><\/td><td><p><span>18,36<\/span><\/p><\/td><\/tr><tr><td><p><br><\/p><\/td><td><p><br><\/p><\/td><td><p><strong>RAZEM<\/strong><\/p><\/td><td><p><strong>39,16<\/strong><strong> km<\/strong><\/p><\/td><\/tr><\/tbody><\/table>\n            <\/div><div class=\"ea-advanced-data-table-pagination ea-advanced-data-table-pagination-button clearfix\"><\/div><\/div>\t\t<\/div>\n\t\t\t\t<\/div>\n\t\t\t\t<div class=\"elementor-element elementor-element-8db1abe elementor-widget elementor-widget-heading\" data-id=\"8db1abe\" data-element_type=\"widget\" data-widget_type=\"heading.default\">\n\t\t\t\t<div class=\"elementor-widget-container\">\n\t\t\t<h2 class=\"elementor-heading-title elementor-size-default\"><b>Standard V ZUD<\/b><\/h2>\t\t<\/div>\n\t\t\t\t<\/div>\n\t\t\t\t<div class=\"elementor-element elementor-element-176c420 elementor-widget elementor-widget-eael-advanced-data-table\" data-id=\"176c420\" data-element_type=\"widget\" data-widget_type=\"eael-advanced-data-table.default\">\n\t\t\t\t<div class=\"elementor-widget-container\">\n\t\t\t<div class=\"ea-advanced-data-table-wrap\" data-id=\"176c420\"><div class=\"ea-advanced-data-table-search-wrap ea-advanced-data-table-search-right\"><input type=\"search\" placeholder=\"Wyszukaj\" class=\"ea-advanced-data-table-search\"><\/div><div class=\"ea-advanced-data-table-wrap-inner\">\n                <table class=\"ea-advanced-data-table ea-advanced-data-table-static ea-advanced-data-table-176c420 ea-advanced-data-table-sortable ea-advanced-data-table-paginated ea-advanced-data-table-searchable\" data-id=\"176c420\" data-items-per-page=\"50\"><thead><tr><th><p>L.p<\/p><\/th><th><p>Nr Drogi<\/p><\/th><th><p>Nazwa odcinka drogi<\/p><\/th><th><p>D\u0142ugo\u015b\u0107 w km<\/p><\/th><\/tr><\/thead><tbody><tr><td><p>1<\/p><\/td><td><p><span>1333D<\/span><\/p><\/td><td><p>Czesz\u00f3w \u2013 Z\u0142ot\u00f3w<\/p><\/td><td><p><span>3,405<\/span><\/p><\/td><\/tr><tr><td><p>2<\/p><\/td><td><p><span>1334D<\/span><\/p><\/td><td><p>Zawonia \u2013 Niedary<\/p><\/td><td><p><span>1,028<\/span><\/p><\/td><\/tr><tr><td><p>3<\/p><\/td><td><p><span>1335D<\/span><\/p><\/td><td><p><span>P\u0119cisz\u00f3w \u2013 Zawonia i m. Blizocin<\/span><\/p><\/td><td><p><span>5,380<\/span><\/p><\/td><\/tr><tr><td><p>4<\/p><\/td><td><p><span>1476D<\/span><\/p><\/td><td><p><span>Siekierowice \u2013 Rz\u0119dziszowice<\/span><\/p><\/td><td><p><span>1,242<\/span><\/p><\/td><\/tr><tr><td><p>5<\/p><\/td><td><p><span>1907D<\/span><\/p><\/td><td><p>Bole\u015bcin \u2013 granica powiatu<\/p><\/td><td><p><span>1,478<\/span><\/p><\/td><\/tr><tr><td><\/td><td><\/td><td><p><strong>RAZEM<\/strong><\/p><\/td><td><p><strong>12,533 km<\/strong><\/p><\/td><\/tr><tr><td><\/td><td><\/td><td><p><strong>OG\u00d3\u0141EM<\/strong><\/p><\/td><td><p><strong>51,693 km<\/strong><\/p><\/td><\/tr><\/tbody><\/table>\n            <\/div><div class=\"ea-advanced-data-table-pagination ea-advanced-data-table-pagination-button clearfix\"><\/div><\/div>\t\t<\/div>\n\t\t\t\t<\/div>\n\t\t\t\t\t<\/div>\n\t\t<\/div>\n\t\t\t\t\t\t\t<\/div>\n\t\t<\/section>\n\t\t\t\t\t\t<\/div>\n\t\t\t\t\t<\/div>\n\t\t","protected":false},"excerpt":{"rendered":"<p>ZAWONIA OBW\u00d3D DROGOWY TRZEBNICA \u2013 Dy\u017curny : tel. (0-71) 387-06-17 Standard IV ZUD L.p Nr Drogi Nazwa odcinka drogi D\u0142ugo\u015b\u0107<\/p>\n","protected":false},"author":1,"featured_media":0,"parent":0,"menu_order":0,"comment_status":"closed","ping_status":"closed","template":"","meta":{"footnotes":""},"class_list":["post-2474","page","type-page","status-publish","hentry"],"_links":{"self":[{"href":"http:\/\/drogi.trzebnica.pl\/index.php\/wp-json\/wp\/v2\/pages\/2474","targetHints":{"allow":["GET"]}}],"collection":[{"href":"http:\/\/drogi.trzebnica.pl\/index.php\/wp-json\/wp\/v2\/pages"}],"about":[{"href":"http:\/\/drogi.trzebnica.pl\/index.php\/wp-json\/wp\/v2\/types\/page"}],"author":[{"embeddable":true,"href":"http:\/\/drogi.trzebnica.pl\/index.php\/wp-json\/wp\/v2\/users\/1"}],"replies":[{"embeddable":true,"href":"http:\/\/drogi.trzebnica.pl\/index.php\/wp-json\/wp\/v2\/comments?post=2474"}],"version-history":[{"count":34,"href":"http:\/\/drogi.trzebnica.pl\/index.php\/wp-json\/wp\/v2\/pages\/2474\/revisions"}],"predecessor-version":[{"id":6333,"href":"http:\/\/drogi.trzebnica.pl\/index.php\/wp-json\/wp\/v2\/pages\/2474\/revisions\/6333"}],"wp:attachment":[{"href":"http:\/\/drogi.trzebnica.pl\/index.php\/wp-json\/wp\/v2\/media?parent=2474"}],"curies":[{"name":"wp","href":"https:\/\/api.w.org\/{rel}","templated":true}]}}